{"id":80,"date":"2015-04-27T06:25:51","date_gmt":"2015-04-27T04:25:51","guid":{"rendered":"http:\/\/kasimir-bau.de\/cms\/steglitzer-damm-24\/"},"modified":"2019-01-08T13:29:56","modified_gmt":"2019-01-08T12:29:56","slug":"steglitzer-damm-24","status":"publish","type":"page","link":"https:\/\/kasimir-bau.de\/cms\/referenzen\/wohnungsbau\/steglitzer-damm-24\/","title":{"rendered":"Steglitzer Damm 24"},"content":{"rendered":"<p>[et_pb_section bb_built=&#8220;1&#8243; custom_padding_last_edited=&#8220;on|desktop&#8220; _builder_version=&#8220;3.15&#8243; background_color=&#8220;rgba(255,255,255,0.01)&#8220; parallax=&#8220;on&#8220; parallax_method=&#8220;off&#8220; custom_padding=&#8220;74px|||160px&#8220; custom_padding_tablet=&#8220;10px||120px|10px&#8220; custom_padding_phone=&#8220;10px|||10px&#8220; animation_style=&#8220;fade&#8220; animation_speed_curve=&#8220;linear&#8220;][et_pb_row use_custom_width=&#8220;on&#8220; custom_width_px=&#8220;750px&#8220; custom_padding=&#8220;10px|10px|10px|10px&#8220; module_class=&#8220;schrift1&#8243; _builder_version=&#8220;3.15&#8243; background_color=&#8220;#b0b0b0&#8243; border_color_all=&#8220;rgba(255,255,255,0)&#8220; module_alignment=&#8220;left&#8220; custom_margin_phone=&#8220;10px|||&#8220; custom_margin_last_edited=&#8220;on|desktop&#8220; animation_style=&#8220;fade&#8220;][et_pb_column type=&#8220;4_4&#8243;][et_pb_text admin_label=&#8220;Bauvorhaben&#8220; _builder_version=&#8220;3.15&#8243; custom_padding=&#8220;10px|10px|10px|10px&#8220;]<\/p>\n<h3 class=\"entry-title\"><span style=\"font-family: Arial, Helvetica, sans-serif;\"><strong><span style=\"color: #0054aa;\">Steglitzer Damm 24<\/span><\/strong><\/span><\/h3>\n<p>[\/et_pb_text][et_pb_text admin_label=&#8220;Beschreibung&#8220; _builder_version=&#8220;3.17.6&#8243; custom_padding=&#8220;10px|10px|35px|10px&#8220; custom_padding_last_edited=&#8220;on|desktop&#8220;]<\/p>\n<p><span style=\"color: #ffffff;\"><strong>Beschreibung:<\/strong><\/span><br \/>\n<span style=\"color: #ffffff;\">Sanierung der vorhandenen Wohnbebauung auf dem 3.235 m\u00b2 gro\u00dfen Grundst\u00fcck, begrenzt durch den Steglitzer Damm , die Presselstr. und die Karl-Stieler-Stra\u00dfe.<br \/>\nDas Bauvorhaben besteht aus einer 5-geschossigen Neubauaufstockung in der Karl-Stieler-Str. 17, einer ebenfalls 5-geschossigen Neubauaufstockung als Br\u00fcckenschlie\u00dfung am Steglitzer Damm sowie dem Umbau und der Sanierung eines 7-geschossigen Bestandsgeb\u00e4udes. Auf dem Grundst\u00fcck Karl-Stieler-Str. 17 wird als Teil dieses Bauvorhabens ein Neubau mit 7 Vollgeschossen, Kellergeschoss bzw. Tiefgarage errichtet.<\/span><\/p>\n<p>[\/et_pb_text][et_pb_gallery gallery_ids=&#8220;325&#8243; posts_number=&#8220;15&#8243; show_title_and_caption=&#8220;off&#8220; show_pagination=&#8220;off&#8220; hover_icon=&#8220;%%13%%&#8220; _builder_version=&#8220;3.15&#8243; border_width_all_image=&#8220;5px&#8220; border_color_all_image=&#8220;rgba(51,51,51,0)&#8220; custom_css_gallery_item=&#8220;margin:0 !important;||width:20% !important;||clear:none !important;||&#8220;]<\/p>\n<p>&nbsp;<\/p>\n<p>[\/et_pb_gallery][et_pb_text admin_label=&#8220;Tabelle&#8220; _builder_version=&#8220;3.18.8&#8243; custom_padding=&#8220;20px|0px|0px|0px&#8220; custom_padding_tablet=&#8220;|0px||&#8220; custom_padding_last_edited=&#8220;on|desktop&#8220;]<\/p>\n<table style=\"border-style: none;\">\n<tbody>\n<tr style=\"border-style: none;\" valign=\"top\">\n<td style=\"border-style: none;\"><span style=\"color: #ffffff;\"><strong>Auftraggeber:<br \/>\n<\/strong><\/span><\/td>\n<td style=\"border-style: none;\"><span style=\"color: #ffffff;\">Diamona&amp;Harnisch Development GmbH &amp; Co. <\/span><br \/>\n<span style=\"color: #ffffff;\">Steglitzer Damm KG<\/span><\/td>\n<\/tr>\n<tr style=\"border-style: none;\" valign=\"top\">\n<td style=\"border-style: none;\"><span style=\"color: #ffffff;\"><strong>Architekt:<\/strong><\/span><\/td>\n<td style=\"border-style: none;\"><span style=\"color: #ffffff;\">Arnold und Gladisch Gesellschaft von Architekten<\/span><\/td>\n<\/tr>\n<tr style=\"border-style: none;\" valign=\"top\">\n<td style=\"border-style: none;\"><span style=\"color: #ffffff;\"><strong>Bauleitung:<\/strong><\/span><\/td>\n<td style=\"border-style: none;\"><span style=\"color: #ffffff;\">dgk architekten GmbH<\/span><\/td>\n<\/tr>\n<tr style=\"border-style: none;\" valign=\"top\">\n<td style=\"border-style: none;\"><span style=\"color: #ffffff;\"><strong>Auftragsvolumen:<br \/>\n<\/strong><\/span><\/td>\n<td style=\"border-style: none;\"><span style=\"color: #ffffff;\">2,3&nbsp;Mio. EUR<\/span><\/td>\n<\/tr>\n<tr style=\"border-style: none;\">\n<td style=\"border-style: none;\"><span style=\"color: #ffffff;\"><strong>Bauzeit:<\/strong><\/span><\/td>\n<td style=\"border-style: none;\"><span style=\"color: #ffffff;\">Juli&nbsp;2015 &#8211;&nbsp;Juni 2016<\/span><\/td>\n<\/tr>\n<\/tbody>\n<\/table>\n<p>[\/et_pb_text][\/et_pb_column][\/et_pb_row][\/et_pb_section]<\/p>\n","protected":false},"excerpt":{"rendered":"<p>Steglitzer Damm 24 Beschreibung: Sanierung der vorhandenen Wohnbebauung auf dem 3.235 m\u00b2 gro\u00dfen Grundst\u00fcck, begrenzt durch den Steglitzer Damm , die Presselstr. und die Karl-Stieler-Stra\u00dfe. Das Bauvorhaben besteht aus einer 5-geschossigen Neubauaufstockung in der Karl-Stieler-Str. 17, einer ebenfalls 5-geschossigen Neubauaufstockung als Br\u00fcckenschlie\u00dfung am Steglitzer Damm sowie dem Umbau und der Sanierung eines 7-geschossigen Bestandsgeb\u00e4udes. Auf dem Grundst\u00fcck Karl-Stieler-Str. 17 wird als Teil dieses Bauvorhabens ein Neubau mit 7 Vollgeschossen, Kellergeschoss bzw. Tiefgarage errichtet. &nbsp; Auftraggeber: Diamona&amp;Harnisch Development GmbH &amp; Co. Steglitzer Damm KG Architekt: Arnold und Gladisch Gesellschaft von Architekten Bauleitung: dgk architekten GmbH Auftragsvolumen: 2,3&nbsp;Mio. EUR Bauzeit: Juli&nbsp;2015 &#8211;&nbsp;Juni 2016<\/p>\n","protected":false},"author":1,"featured_media":0,"parent":740,"menu_order":7,"comment_status":"closed","ping_status":"closed","template":"","meta":{"_et_pb_use_builder":"on","_et_pb_old_content":"<p><strong>Beschreibung:<\/strong><br \/>Sanierung der\u00a0vorhandenen Wohnbebauung auf dem\u00a03.235 m\u00b2 gro\u00dfen Grundst\u00fcck, begrenzt durch den Steglitzer Damm , die Presselstr. und die Karl-Stieler-Stra\u00dfe.<br \/>Das Bauvorhaben besteht aus einer 5-geschossigen Neubauaufstockung in der Karl-Stieler-Str. 17, einer ebenfalls 5-geschossigen Neubauaufstockung als Br\u00fcckenschlie\u00dfung am Steglitzer Damm sowie dem Umbau und der Sanierung eines 7-geschossigen Bestandsgeb\u00e4udes. Auf dem Grundst\u00fcck Karl-Stieler-Str. 17 wird als Teil dieses Bauvorhabens ein Neubau mit 7 Vollgeschossen, Kellergeschoss bzw. Tiefgarage errichtet.<\/p><p>{phocagallery view=category|categoryid=45}<\/p><table><tbody><tr valign=\"top\"><td><strong>Auftraggeber:\u00a0\u00a0\u00a0\u00a0\u00a0\u00a0\u00a0\u00a0\u00a0\u00a0\u00a0\u00a0\u00a0\u00a0\u00a0\u00a0\u00a0<br \/><\/strong><\/td><td>Diamona&Harnisch Development GmbH & Co. <br \/>Steglitzer Damm KG<\/td><\/tr><tr valign=\"top\"><td><strong>Architekt:\u00a0\u00a0\u00a0<\/strong><\/td><td>Arnold und Gladisch Gesellschaft von Architekten<\/td><\/tr><tr valign=\"top\"><td><strong>Bauleitung:<\/strong><\/td><td>dgk architekten GmbH<\/td><\/tr><tr valign=\"top\"><td><strong>Auftragsvolumen: \u00a0\u00a0\u00a0\u00a0\u00a0\u00a0\u00a0\u00a0\u00a0\u00a0<br \/><\/strong><\/td><td>2,3\u00a0Mio. EUR<\/td><\/tr><tr><td><strong>Bauzeit:<\/strong><\/td><td>Juli\u00a02015 -\u00a0Juni 2016<\/td><\/tr><\/tbody><\/table>","_et_gb_content_width":"","footnotes":""},"class_list":["post-80","page","type-page","status-publish","hentry"],"_links":{"self":[{"href":"https:\/\/kasimir-bau.de\/cms\/wp-json\/wp\/v2\/pages\/80","targetHints":{"allow":["GET"]}}],"collection":[{"href":"https:\/\/kasimir-bau.de\/cms\/wp-json\/wp\/v2\/pages"}],"about":[{"href":"https:\/\/kasimir-bau.de\/cms\/wp-json\/wp\/v2\/types\/page"}],"author":[{"embeddable":true,"href":"https:\/\/kasimir-bau.de\/cms\/wp-json\/wp\/v2\/users\/1"}],"replies":[{"embeddable":true,"href":"https:\/\/kasimir-bau.de\/cms\/wp-json\/wp\/v2\/comments?post=80"}],"version-history":[{"count":10,"href":"https:\/\/kasimir-bau.de\/cms\/wp-json\/wp\/v2\/pages\/80\/revisions"}],"predecessor-version":[{"id":7082,"href":"https:\/\/kasimir-bau.de\/cms\/wp-json\/wp\/v2\/pages\/80\/revisions\/7082"}],"up":[{"embeddable":true,"href":"https:\/\/kasimir-bau.de\/cms\/wp-json\/wp\/v2\/pages\/740"}],"wp:attachment":[{"href":"https:\/\/kasimir-bau.de\/cms\/wp-json\/wp\/v2\/media?parent=80"}],"curies":[{"name":"wp","href":"https:\/\/api.w.org\/{rel}","templated":true}]}}

<p>[et_pb_section bb_built=&#8220;1&#8243; custom_padding_last_edited=&#8220;on|desktop&#8220; _builder_version=&#8220;3.15&#8243; background_color=&#8220;rgba(255,255,255,0.01)&#8220; parallax=&#8220;on&#8220; parallax_method=&#8220;off&#8220; custom_padding=&#8220;74px|||160px&#8220; custom_padding_tablet=&#8220;10px||120px|10px&#8220; custom_padding_phone=&#8220;10px|||10px&#8220; animation_style=&#8220;fade&#8220; animation_speed_curve=&#8220;linear&#8220;][et_pb_row use_custom_width=&#8220;on&#8220; custom_width_px=&#8220;750px&#8220; custom_padding=&#8220;10px|10px|10px|10px&#8220; module_class=&#8220;schrift1&#8243; _builder_version=&#8220;3.15&#8243; background_color=&#8220;#b0b0b0&#8243; border_color_all=&#8220;rgba(255,255,255,0)&#8220; module_alignment=&#8220;left&#8220; custom_margin_phone=&#8220;10px|||&#8220; custom_margin_last_edited=&#8220;on|desktop&#8220; animation_style=&#8220;fade&#8220;][et_pb_column type=&#8220;4_4&#8243;][et_pb_text admin_label=&#8220;Bauvorhaben&#8220; _builder_version=&#8220;3.15&#8243; custom_padding=&#8220;10px|10px|10px|10px&#8220;]</p>
<h3 class="entry-title"><span style="font-family: Arial, Helvetica, sans-serif;"><strong><span style="color: #0054aa;">Steglitzer Damm 24</span></strong></span></h3>
<p>[/et_pb_text][et_pb_text admin_label=&#8220;Beschreibung&#8220; _builder_version=&#8220;3.17.6&#8243; custom_padding=&#8220;10px|10px|35px|10px&#8220; custom_padding_last_edited=&#8220;on|desktop&#8220;]</p>
<p><span style="color: #ffffff;"><strong>Beschreibung:</strong></span><br />
<span style="color: #ffffff;">Sanierung der vorhandenen Wohnbebauung auf dem 3.235 m² großen Grundstück, begrenzt durch den Steglitzer Damm , die Presselstr. und die Karl-Stieler-Straße.<br />
Das Bauvorhaben besteht aus einer 5-geschossigen Neubauaufstockung in der Karl-Stieler-Str. 17, einer ebenfalls 5-geschossigen Neubauaufstockung als Brückenschließung am Steglitzer Damm sowie dem Umbau und der Sanierung eines 7-geschossigen Bestandsgebäudes. Auf dem Grundstück Karl-Stieler-Str. 17 wird als Teil dieses Bauvorhabens ein Neubau mit 7 Vollgeschossen, Kellergeschoss bzw. Tiefgarage errichtet.</span></p>
<p>[/et_pb_text][et_pb_gallery gallery_ids=&#8220;325&#8243; posts_number=&#8220;15&#8243; show_title_and_caption=&#8220;off&#8220; show_pagination=&#8220;off&#8220; hover_icon=&#8220;%%13%%&#8220; _builder_version=&#8220;3.15&#8243; border_width_all_image=&#8220;5px&#8220; border_color_all_image=&#8220;rgba(51,51,51,0)&#8220; custom_css_gallery_item=&#8220;margin:0 !important;||width:20% !important;||clear:none !important;||&#8220;]</p>
<p>&nbsp;</p>
<p>[/et_pb_gallery][et_pb_text admin_label=&#8220;Tabelle&#8220; _builder_version=&#8220;3.18.8&#8243; custom_padding=&#8220;20px|0px|0px|0px&#8220; custom_padding_tablet=&#8220;|0px||&#8220; custom_padding_last_edited=&#8220;on|desktop&#8220;]</p>
<table style="border-style: none;">
<tbody>
<tr style="border-style: none;" valign="top">
<td style="border-style: none;"><span style="color: #ffffff;"><strong>Auftraggeber:<br />
</strong></span></td>
<td style="border-style: none;"><span style="color: #ffffff;">Diamona&amp;Harnisch Development GmbH &amp; Co. </span><br />
<span style="color: #ffffff;">Steglitzer Damm KG</span></td>
</tr>
<tr style="border-style: none;" valign="top">
<td style="border-style: none;"><span style="color: #ffffff;"><strong>Architekt:</strong></span></td>
<td style="border-style: none;"><span style="color: #ffffff;">Arnold und Gladisch Gesellschaft von Architekten</span></td>
</tr>
<tr style="border-style: none;" valign="top">
<td style="border-style: none;"><span style="color: #ffffff;"><strong>Bauleitung:</strong></span></td>
<td style="border-style: none;"><span style="color: #ffffff;">dgk architekten GmbH</span></td>
</tr>
<tr style="border-style: none;" valign="top">
<td style="border-style: none;"><span style="color: #ffffff;"><strong>Auftragsvolumen:<br />
</strong></span></td>
<td style="border-style: none;"><span style="color: #ffffff;">2,3&nbsp;Mio. EUR</span></td>
</tr>
<tr style="border-style: none;">
<td style="border-style: none;"><span style="color: #ffffff;"><strong>Bauzeit:</strong></span></td>
<td style="border-style: none;"><span style="color: #ffffff;">Juli&nbsp;2015 &#8211;&nbsp;Juni 2016</span></td>
</tr>
</tbody>
</table>
<p>[/et_pb_text][/et_pb_column][/et_pb_row][/et_pb_section]</p>

<p>Steglitzer Damm 24 Beschreibung: Sanierung der vorhandenen Wohnbebauung auf dem 3.235 m² großen Grundstück, begrenzt durch den Steglitzer Damm , die Presselstr. und die Karl-Stieler-Straße. Das Bauvorhaben besteht aus einer 5-geschossigen Neubauaufstockung in der Karl-Stieler-Str. 17, einer ebenfalls 5-geschossigen Neubauaufstockung als Brückenschließung am Steglitzer Damm sowie dem Umbau und der Sanierung eines 7-geschossigen Bestandsgebäudes. Auf dem Grundstück Karl-Stieler-Str. 17 wird als Teil dieses Bauvorhabens ein Neubau mit 7 Vollgeschossen, Kellergeschoss bzw. Tiefgarage errichtet. &nbsp; Auftraggeber: Diamona&amp;Harnisch Development GmbH &amp; Co. Steglitzer Damm KG Architekt: Arnold und Gladisch Gesellschaft von Architekten Bauleitung: dgk architekten GmbH Auftragsvolumen: 2,3&nbsp;Mio. EUR Bauzeit: Juli&nbsp;2015 &#8211;&nbsp;Juni 2016</p>

<p><strong>Beschreibung:</strong><br />Sanierung der vorhandenen Wohnbebauung auf dem 3.235 m² großen Grundstück, begrenzt durch den Steglitzer Damm , die Presselstr. und die Karl-Stieler-Straße.<br />Das Bauvorhaben besteht aus einer 5-geschossigen Neubauaufstockung in der Karl-Stieler-Str. 17, einer ebenfalls 5-geschossigen Neubauaufstockung als Brückenschließung am Steglitzer Damm sowie dem Umbau und der Sanierung eines 7-geschossigen Bestandsgebäudes. Auf dem Grundstück Karl-Stieler-Str. 17 wird als Teil dieses Bauvorhabens ein Neubau mit 7 Vollgeschossen, Kellergeschoss bzw. Tiefgarage errichtet.</p><p>{phocagallery view=category|categoryid=45}</p><table><tbody><tr valign="top"><td><strong>Auftraggeber:                 <br /></strong></td><td>Diamona&Harnisch Development GmbH & Co. <br />Steglitzer Damm KG</td></tr><tr valign="top"><td><strong>Architekt:   </strong></td><td>Arnold und Gladisch Gesellschaft von Architekten</td></tr><tr valign="top"><td><strong>Bauleitung:</strong></td><td>dgk architekten GmbH</td></tr><tr valign="top"><td><strong>Auftragsvolumen:           <br /></strong></td><td>2,3 Mio. EUR</td></tr><tr><td><strong>Bauzeit:</strong></td><td>Juli 2015 - Juni 2016</td></tr></tbody></table>
