{"id":39,"date":"2014-02-11T10:05:03","date_gmt":"2014-02-11T09:05:03","guid":{"rendered":"http:\/\/kasimir-bau.de\/cms\/impressum\/"},"modified":"2019-01-17T08:31:01","modified_gmt":"2019-01-17T07:31:01","slug":"impressum","status":"publish","type":"page","link":"https:\/\/kasimir-bau.de\/cms\/impressum\/","title":{"rendered":"Impressum"},"content":{"rendered":"<p>[et_pb_section bb_built=&#8220;1&#8243; custom_padding_last_edited=&#8220;on|phone&#8220; _builder_version=&#8220;3.15&#8243; background_color=&#8220;rgba(140,140,140,0)&#8220; custom_padding=&#8220;74px|||160px&#8220; custom_padding_phone=&#8220;10px|10px||10px&#8220;][et_pb_row use_custom_width=&#8220;on&#8220; custom_width_px=&#8220;990px&#8220; custom_padding=&#8220;|30px||30px&#8220; module_class=&#8220;schrift1&#8243; _builder_version=&#8220;3.15&#8243; background_color=&#8220;#ececea&#8220; module_alignment=&#8220;left&#8220; animation_style=&#8220;fade&#8220; animation_duration=&#8220;1650ms&#8220;][et_pb_column type=&#8220;4_4&#8243;][et_pb_text _builder_version=&#8220;3.19.5&#8243;]<\/p>\n<h3><span style=\"color: #1452a1;\"><strong>Impressum<\/strong><\/span><\/h3>\n<p>[\/et_pb_text][et_pb_text _builder_version=&#8220;3.19.5&#8243;]<\/p>\n<table style=\"width: 100%; border-collapse: collapse; border-style: none;\">\n<tbody>\n<tr style=\"height: 46px;\">\n<td colspan=\"2\">Bitte verwenden Sie f\u00fcr den Kontakt und Schriftwechsel ausschlie\u00dflich unsere M\u00fchlenbecker Anschrift:<\/td>\n<\/tr>\n<tr style=\"height: 92px;\">\n<td><strong>Horst Kasimir Bauunternehmung GmbH<br \/>Zweigniederlassung M\u00fchlenbeck<br \/>Am Hasensprung 7<br \/>16567 M\u00fchlenbeck<\/strong><\/td>\n<td style=\"width: 50%; height: 92px;\">Horst Kasimir Bauunternehmung GmbH<br \/>Zentrale Berlin<br \/>Hermann-Hesse-Str. 15<br \/>13156 Berlin<\/td>\n<\/tr>\n<tr style=\"height: 365px;\">\n<td style=\"width: 50%; border-style: none; height: 365px;\" colspan=\"2\">\n<p>Telefon +49 (0) 33056 \/875-0<br \/>Telefax +49 (0) 33056 \/875-33<\/p>\n<p>\u00a0<\/p>\n<p>Gesch\u00e4ftsf\u00fchrer: Andr\u00e9 Kasimir<br \/>Email: <a href=\"mailto:kasimir@kasimir-bau.de\">kasimir@kasimir-bau.de<\/a><\/p>\n<p>Registergericht: Amtsgericht Charlottenburg<br \/>Handelsregisterbuch: HRB 30 736<br \/>Ust-IdNr. DE 136563865<br \/>Bauberufsgenossenschaft Hannover,<br \/>Nr. MM10.505.471.021-01<br \/>Nr. MM10.507.528.730-01<\/p>\n<p>Redaktion der Seite: Andr\u00e9 Kasimir (<a href=\"mailto:kasimir@kasimir-bau.de\">kasimir@kasimir-bau.de<\/a>)<\/p>\n<\/td>\n<\/tr>\n<\/tbody>\n<\/table>\n<p>Wir, die Horst Kasimir Bauunternehmung GmbH, werden nicht an einem Streitbeilegungsverfahren vor einer Verbraucherschlichtungsstelle i.S.d. VSBG teilnehmen und sind hierzu auch nicht verpflichtet.<\/p>\n<p><strong>Disclaimer:<\/strong><\/p>\n<p><span style=\"text-decoration: underline;\">Haftung f\u00fcr Inhalte<\/span><br \/>Die Inhalte unserer Seiten unter www.kasimir-bau.de wurden mit gr\u00f6\u00dfter Sorgfalt erstellt. F\u00fcr die Richtigkeit, Vollst\u00e4ndigkeit und Aktualit\u00e4t der Inhalte k\u00f6nnen wir jedoch keine Gew\u00e4hr \u00fcbernehmen.<\/p>\n<p><span style=\"text-decoration: underline; color: #000000;\">Haftung f\u00fcr Links<\/span><br \/><span style=\"color: #000000;\">Unser Angebot enth\u00e4lt Links zu externen Webseiten Dritter, auf deren Inhalte wir keinen Einfluss haben. Deshalb k\u00f6nnen wir f\u00fcr diese fremden Inhalte auch keine Gew\u00e4hr \u00fcbernehmen. F\u00fcr die Inhalte der verlinkten Seiten ist stets der jeweilige Anbieter oder Betreiber der Seiten verantwortlich. Eine permanente inhaltliche Kontrolle der verlinkten Seiten ist ohne konkrete Anhaltspunkte einer Rechtsverletzung nicht zumutbar. Bei Bekanntwerden von Rechtsverletzungen werden wir derartige Links umgehend entfernen.<\/span><\/p>\n<p><span style=\"text-decoration: underline; color: #000000;\">Urheberrecht<\/span><br \/><span style=\"color: #000000;\">Die Horst Kasimir Bauunternehmung GmbH ist stets bem\u00fcht, die Urheberrechte anderer zu beachten bzw. auf selbst erstellte sowie lizenzfreie Werke zur\u00fcckzugreifen. Die durch die Horst Kasimir Bauunternehmung GmbH erstellten Inhalte und Werke auf diesen Seiten unterliegen dem deutschen Urheberrecht. Beitr\u00e4ge Dritter sind als solche gekennzeichnet. Die Vervielf\u00e4ltigung, Bearbeitung, Verbreitung und jede Art der Verwertung au\u00dferhalb der Grenzen des Urheberrechtes bed\u00fcrfen der schriftlichen Zustimmung des jeweiligen Autors bzw. Erstellers.\u00a0<\/span><\/p>\n<p>[\/et_pb_text][\/et_pb_column][\/et_pb_row][\/et_pb_section]<\/p>\n","protected":false},"excerpt":{"rendered":"<p>Impressum Bitte verwenden Sie f\u00fcr den Kontakt und Schriftwechsel ausschlie\u00dflich unsere M\u00fchlenbecker Anschrift:Horst Kasimir Bauunternehmung GmbHZweigniederlassung M\u00fchlenbeckAm Hasensprung 716567 M\u00fchlenbeckHorst Kasimir Bauunternehmung GmbHZentrale BerlinHermann-Hesse-Str. 1513156 BerlinTelefon +49 (0) 33056 \/875-0Telefax +49 (0) 33056 \/875-33\u00a0Gesch\u00e4ftsf\u00fchrer: Andr\u00e9 KasimirEmail: kasimir@kasimir-bau.deRegistergericht: Amtsgericht CharlottenburgHandelsregisterbuch: HRB 30 736Ust-IdNr. DE 136563865Bauberufsgenossenschaft Hannover,Nr. MM10.505.471.021-01Nr. MM10.507.528.730-01Redaktion der Seite: Andr\u00e9 Kasimir (kasimir@kasimir-bau.de)Wir, die Horst Kasimir Bauunternehmung GmbH, werden nicht an einem Streitbeilegungsverfahren vor einer Verbraucherschlichtungsstelle i.S.d. VSBG teilnehmen und sind hierzu auch nicht verpflichtet.Disclaimer:Haftung f\u00fcr InhalteDie Inhalte unserer Seiten unter www.kasimir-bau.de wurden mit gr\u00f6\u00dfter Sorgfalt erstellt. F\u00fcr die Richtigkeit, Vollst\u00e4ndigkeit und Aktualit\u00e4t der Inhalte k\u00f6nnen wir jedoch keine Gew\u00e4hr \u00fcbernehmen.Haftung f\u00fcr LinksUnser Angebot enth\u00e4lt Links zu externen Webseiten Dritter, auf deren Inhalte wir keinen Einfluss haben. Deshalb k\u00f6nnen wir f\u00fcr diese fremden Inhalte auch keine Gew\u00e4hr \u00fcbernehmen. F\u00fcr die Inhalte der verlinkten Seiten ist stets der jeweilige Anbieter oder Betreiber der Seiten verantwortlich. Eine permanente inhaltliche Kontrolle der verlinkten Seiten ist ohne konkrete Anhaltspunkte einer Rechtsverletzung nicht zumutbar. Bei Bekanntwerden von Rechtsverletzungen werden wir derartige Links umgehend entfernen.UrheberrechtDie Horst Kasimir Bauunternehmung GmbH ist stets bem\u00fcht, die Urheberrechte anderer zu beachten bzw. auf selbst erstellte sowie lizenzfreie Werke zur\u00fcckzugreifen. Die durch die Horst Kasimir Bauunternehmung GmbH erstellten Inhalte und Werke auf diesen Seiten unterliegen dem deutschen Urheberrecht. Beitr\u00e4ge Dritter sind als solche gekennzeichnet. Die Vervielf\u00e4ltigung, Bearbeitung, Verbreitung und jede Art der Verwertung au\u00dferhalb der Grenzen des Urheberrechtes bed\u00fcrfen der schriftlichen Zustimmung des jeweiligen Autors bzw. Erstellers.\u00a0<\/p>\n","protected":false},"author":1,"featured_media":0,"parent":0,"menu_order":7,"comment_status":"closed","ping_status":"closed","template":"","meta":{"_et_pb_use_builder":"on","_et_pb_old_content":"<table style=\"width: 100%;\" border=\"0\" cellpadding=\"6\"><tbody><tr><td align=\"left\" valign=\"top\" width=\"50%\"><p>Bitte verwenden Sie f\u00fcr den Kontakt und Schriftwechsel ausschlie\u00dflich unsere M\u00fchlenbecker Anschrift:<\/p><p><strong>Horst Kasimir Bauunternehmung GmbH<br \/>Zweigniederlassung M\u00fchlenbeck<br \/>Am Hasensprung 7<br \/>16567 M\u00fchlenbeck<\/strong><\/p><p>Telefon +49 (0) 33056 \/875-0<br \/>Telefax +49 (0) 33056 \/875-33<\/p><p>Gesch\u00e4ftsf\u00fchrer: Horst Kasimir, Andr\u00e9 Kasimir<br \/>Email: kasimir@kasimir-bau.de<\/p><p>Registergericht: Amtsgericht Charlottenburg<br \/>Handelsregisterbuch: HRB 30 736<br \/>Ust-IdNr. DE 136563865<br \/>Bauberufsgenossenschaft Hannover,<br \/>Nr. MM10.505.471.021-01<br \/>Nr. MM10.507.528.730-01<\/p><p>\u00a0<\/p><p>Redaktion der Seite: Andr\u00e9 Kasimir (<a href=\"mailto:a.kasimir@kasimir-bau.de\">a.kasimir@kasimir-bau.de<\/a>)<\/p><\/td><td width=\"10%\">\u00a0<\/td><td align=\"left\" valign=\"top\" width=\"40%\"><p>Horst Kasimir Bauunternehmung GmbH<br \/>Zentrale Berlin<br \/>Hermann-Hesse-Str. 15<br \/>13156 Berlin<\/p><\/td><\/tr><\/tbody><\/table><p>Wir, die Horst Kasimir Bauunternehmung GmbH, werden nicht an einem Streitbeilegungsverfahren vor einer Verbraucherschlichtungsstelle i.S.d. VSBG teilnehmen und sind hierzu auch nicht verpflichtet.<\/p><p><strong>Disclaimer:<\/strong><\/p><p><span style=\"text-decoration: underline;\">Haftung f\u00fcr Inhalte<\/span><br \/>Die Inhalte unserer Seiten unter www.kasimir-bau.de wurden mit gr\u00f6\u00dfter Sorgfalt erstellt. F\u00fcr die Richtigkeit, Vollst\u00e4ndigkeit und Aktualit\u00e4t der Inhalte k\u00f6nnen wir jedoch keine Gew\u00e4hr \u00fcbernehmen.<\/p><p><span style=\"text-decoration: underline;\">Haftung f\u00fcr Links<\/span><br \/>Unser Angebot enth\u00e4lt Links zu externen Webseiten Dritter, auf deren Inhalte wir keinen Einfluss haben. Deshalb k\u00f6nnen wir f\u00fcr diese fremden Inhalte auch keine Gew\u00e4hr \u00fcbernehmen. F\u00fcr die Inhalte der verlinkten Seiten ist stets der jeweilige Anbieter oder Betreiber der Seiten verantwortlich. Eine permanente inhaltliche Kontrolle der verlinkten Seiten ist ohne konkrete Anhaltspunkte einer Rechtsverletzung nicht zumutbar. Bei Bekanntwerden von Rechtsverletzungen werden wir derartige Links umgehend entfernen.<\/p><p><span style=\"text-decoration: underline;\">Urheberrecht<\/span><br \/>Die Horst Kasimir Bauunternehmung GmbH ist stets bem\u00fcht, die Urheberrechte anderer zu beachten bzw. auf selbst erstellte sowie lizenzfreie Werke zur\u00fcckzugreifen. Die durch die Horst Kasimir Bauunternehmung GmbH erstellten Inhalte und Werke auf diesen Seiten unterliegen dem deutschen Urheberrecht. Beitr\u00e4ge Dritter sind als solche gekennzeichnet. Die Vervielf\u00e4ltigung, Bearbeitung, Verbreitung und jede Art der Verwertung au\u00dferhalb der Grenzen des Urheberrechtes bed\u00fcrfen der schriftlichen Zustimmung des jeweiligen Autors bzw. Erstellers.\u00a0<\/p>","_et_gb_content_width":"","footnotes":""},"class_list":["post-39","page","type-page","status-publish","hentry"],"_links":{"self":[{"href":"https:\/\/kasimir-bau.de\/cms\/wp-json\/wp\/v2\/pages\/39","targetHints":{"allow":["GET"]}}],"collection":[{"href":"https:\/\/kasimir-bau.de\/cms\/wp-json\/wp\/v2\/pages"}],"about":[{"href":"https:\/\/kasimir-bau.de\/cms\/wp-json\/wp\/v2\/types\/page"}],"author":[{"embeddable":true,"href":"https:\/\/kasimir-bau.de\/cms\/wp-json\/wp\/v2\/users\/1"}],"replies":[{"embeddable":true,"href":"https:\/\/kasimir-bau.de\/cms\/wp-json\/wp\/v2\/comments?post=39"}],"version-history":[{"count":10,"href":"https:\/\/kasimir-bau.de\/cms\/wp-json\/wp\/v2\/pages\/39\/revisions"}],"predecessor-version":[{"id":7214,"href":"https:\/\/kasimir-bau.de\/cms\/wp-json\/wp\/v2\/pages\/39\/revisions\/7214"}],"wp:attachment":[{"href":"https:\/\/kasimir-bau.de\/cms\/wp-json\/wp\/v2\/media?parent=39"}],"curies":[{"name":"wp","href":"https:\/\/api.w.org\/{rel}","templated":true}]}}